{"version":"1.0","provider_name":"Erik Marquardt","provider_url":"http:\/\/erik-marquardt.eu\/en","title":"News from the Borders 16.07.2024 - Erik Marquardt","type":"rich","width":600,"height":338,"html":"<blockquote class=\"wp-embedded-content\" data-secret=\"VG2MjlqIes\"><a href=\"http:\/\/erik-marquardt.eu\/en\/news-from-the-borders-2024-07-16\/\">News from the Borders 16.07.2024<\/a><\/blockquote><iframe sandbox=\"allow-scripts\" security=\"restricted\" src=\"http:\/\/erik-marquardt.eu\/en\/news-from-the-borders-2024-07-16\/embed\/#?secret=VG2MjlqIes\" width=\"600\" height=\"338\" title=\"&#8220;News from the Borders 16.07.2024&#8221; &#8212; Erik Marquardt \" data-secret=\"VG2MjlqIes\" frameborder=\"0\" marginwidth=\"0\" marginheight=\"0\" scrolling=\"no\" class=\"wp-embedded-content\"><\/iframe><script type=\"text\/javascript\">\n\/* <![CDATA[ *\/\n\/*! This file is auto-generated *\/\n!function(d,l){\"use strict\";l.querySelector&&d.addEventListener&&\"undefined\"!=typeof URL&&(d.wp=d.wp||{},d.wp.receiveEmbedMessage||(d.wp.receiveEmbedMessage=function(e){var t=e.data;if((t||t.secret||t.message||t.value)&&!\/[^a-zA-Z0-9]\/.test(t.secret)){for(var s,r,n,a=l.querySelectorAll('iframe[data-secret=\"'+t.secret+'\"]'),o=l.querySelectorAll('blockquote[data-secret=\"'+t.secret+'\"]'),c=new RegExp(\"^https?:$\",\"i\"),i=0;i<o.length;i++)o[i].style.display=\"none\";for(i=0;i<a.length;i++)s=a[i],e.source===s.contentWindow&&(s.removeAttribute(\"style\"),\"height\"===t.message?(1e3<(r=parseInt(t.value,10))?r=1e3:~~r<200&&(r=200),s.height=r):\"link\"===t.message&&(r=new URL(s.getAttribute(\"src\")),n=new URL(t.value),c.test(n.protocol))&&n.host===r.host&&l.activeElement===s&&(d.top.location.href=t.value))}},d.addEventListener(\"message\",d.wp.receiveEmbedMessage,!1),l.addEventListener(\"DOMContentLoaded\",function(){for(var e,t,s=l.querySelectorAll(\"iframe.wp-embedded-content\"),r=0;r<s.length;r++)(t=(e=s[r]).getAttribute(\"data-secret\"))||(t=Math.random().toString(36).substring(2,12),e.src+=\"#?secret=\"+t,e.setAttribute(\"data-secret\",t)),e.contentWindow.postMessage({message:\"ready\",secret:t},\"*\")},!1)))}(window,document);\n\/\/# sourceURL=http:\/\/erik-marquardt.eu\/wp-includes\/js\/wp-embed.min.js\n\/* ]]> *\/\n<\/script>","thumbnail_url":"http:\/\/erik-marquardt.eu\/wp-content\/uploads\/2017\/12\/Balkanroute2015-7985.jpg","thumbnail_width":1860,"thumbnail_height":1240,"description":"In eigener Sache: Ich bin seit heute Delegationsleiter der deutschen Gr\u00fcnen im Europaparlament. Ich will die Verbindung zwischen deutscher und europ\u00e4ischer Politik st\u00e4rken und wieder mehr Menschen f\u00fcr rechtsstaatliche L\u00f6sungen, Zusammenhalt und die Achtung der Menschenw\u00fcrde in ganz Europa begeistern.&nbsp;Zu meinem Insta-Post geht\u2019s hier. Und hier zur dpa-Meldung. Nochmal gute Nachrichten: Das Innenministerium hat das &hellip;"}

In eigener Sache: Ich bin seit heute Delegationsleiter der deutschen Grünen im Europaparlament. Ich will die Verbindung zwischen deutscher und europäischer Politik stärken und wieder mehr Menschen für rechtsstaatliche Lösungen, Zusammenhalt und die Achtung der Menschenwürde in ganz Europa begeistern.&nbsp;Zu meinem Insta-Post geht’s hier. Und hier zur dpa-Meldung. Nochmal gute Nachrichten: Das Innenministerium hat das &hellip;
