{"version":"1.0","provider_name":"Erik Marquardt","provider_url":"http:\/\/erik-marquardt.eu\/en","title":"Europatalk zur EU-Migrationspolitik - Erik Marquardt","type":"rich","width":600,"height":338,"html":"<blockquote class=\"wp-embedded-content\" data-secret=\"goAqzGLMM6\"><a href=\"http:\/\/erik-marquardt.eu\/en\/europatalk-on-eu-migration-policy\/\">Europatalk on EU migration policy<\/a><\/blockquote><iframe sandbox=\"allow-scripts\" security=\"restricted\" src=\"http:\/\/erik-marquardt.eu\/en\/europatalk-on-eu-migration-policy\/embed\/#?secret=goAqzGLMM6\" width=\"600\" height=\"338\" title=\"&#8220;Europatalk zur EU-Migrationspolitik&#8221; &#8212; Erik Marquardt \" data-secret=\"goAqzGLMM6\" frameborder=\"0\" marginwidth=\"0\" marginheight=\"0\" scrolling=\"no\" class=\"wp-embedded-content\"><\/iframe><script type=\"text\/javascript\">\n\/* <![CDATA[ *\/\n\/*! This file is auto-generated *\/\n!function(d,l){\"use strict\";l.querySelector&&d.addEventListener&&\"undefined\"!=typeof URL&&(d.wp=d.wp||{},d.wp.receiveEmbedMessage||(d.wp.receiveEmbedMessage=function(e){var t=e.data;if((t||t.secret||t.message||t.value)&&!\/[^a-zA-Z0-9]\/.test(t.secret)){for(var s,r,n,a=l.querySelectorAll('iframe[data-secret=\"'+t.secret+'\"]'),o=l.querySelectorAll('blockquote[data-secret=\"'+t.secret+'\"]'),c=new RegExp(\"^https?:$\",\"i\"),i=0;i<o.length;i++)o[i].style.display=\"none\";for(i=0;i<a.length;i++)s=a[i],e.source===s.contentWindow&&(s.removeAttribute(\"style\"),\"height\"===t.message?(1e3<(r=parseInt(t.value,10))?r=1e3:~~r<200&&(r=200),s.height=r):\"link\"===t.message&&(r=new URL(s.getAttribute(\"src\")),n=new URL(t.value),c.test(n.protocol))&&n.host===r.host&&l.activeElement===s&&(d.top.location.href=t.value))}},d.addEventListener(\"message\",d.wp.receiveEmbedMessage,!1),l.addEventListener(\"DOMContentLoaded\",function(){for(var e,t,s=l.querySelectorAll(\"iframe.wp-embedded-content\"),r=0;r<s.length;r++)(t=(e=s[r]).getAttribute(\"data-secret\"))||(t=Math.random().toString(36).substring(2,12),e.src+=\"#?secret=\"+t,e.setAttribute(\"data-secret\",t)),e.contentWindow.postMessage({message:\"ready\",secret:t},\"*\")},!1)))}(window,document);\n\/\/# sourceURL=http:\/\/erik-marquardt.eu\/wp-includes\/js\/wp-embed.min.js\n\/* ]]> *\/\n<\/script>","thumbnail_url":"http:\/\/erik-marquardt.eu\/wp-content\/uploads\/2023\/11\/Europatalk.jpg","thumbnail_width":1218,"thumbnail_height":541,"description":"Im Europatalk habe ich mit Lena D\u00fcpont (CDU) \u00fcber die europ\u00e4ische Fl\u00fcchtlingspolitik diskutiert. Ich habe dabei erkl\u00e4rt, warum die rechte italienische Regierung keine rechtsstaatlichen Antworten zu bieten hat und warum sie aufh\u00f6ren muss, die Seenotrettung zu behindern.\u00a0Zur Sendung."}

Im Europatalk habe ich mit Lena Düpont (CDU) über die europäische Flüchtlingspolitik diskutiert. Ich habe dabei erklärt, warum die rechte italienische Regierung keine rechtsstaatlichen Antworten zu bieten hat und warum sie aufhören muss, die Seenotrettung zu behindern. Zur Sendung.
